{"id":851,"date":"2025-11-11T10:32:36","date_gmt":"2025-11-11T10:32:36","guid":{"rendered":"https:\/\/intelligent-bhaskara.93-93-114-159.plesk.page\/?page_id=851"},"modified":"2026-02-20T09:01:55","modified_gmt":"2026-02-20T09:01:55","slug":"eliminacion-de-lesiones-cutaneas","status":"publish","type":"page","link":"https:\/\/intelligent-bhaskara.93-93-114-159.plesk.page\/index.php\/eliminacion-de-lesiones-cutaneas\/","title":{"rendered":"ELIMINACI\u00d3N DE LESIONES CUT\u00c1NEAS"},"content":{"rendered":"\t\t<div data-elementor-type=\"wp-page\" data-elementor-id=\"851\" class=\"elementor elementor-851\" data-elementor-post-type=\"page\">\n\t\t\t\t<div class=\"elementor-element elementor-element-46e982b6 e-flex e-con-boxed e-con e-parent\" data-id=\"46e982b6\" data-element_type=\"container\" data-settings=\"{&quot;background_background&quot;:&quot;classic&quot;}\">\n\t\t\t\t\t<div class=\"e-con-inner\">\n\t\t<div class=\"elementor-element elementor-element-30575a55 e-con-full e-flex e-con e-child\" data-id=\"30575a55\" data-element_type=\"container\" data-settings=\"{&quot;background_background&quot;:&quot;classic&quot;}\">\n\t\t<div class=\"elementor-element elementor-element-1555c09 e-con-full e-flex e-con e-child\" data-id=\"1555c09\" data-element_type=\"container\">\n\t\t\t\t<div class=\"elementor-element elementor-element-52f53e2d elementor-widget elementor-widget-text-editor\" data-id=\"52f53e2d\" data-element_type=\"widget\" data-widget_type=\"text-editor.default\">\n\t\t\t\t\t\t\t\t\t<p>ELIMINACI\u00d3N DE LESIONES CUT\u00c1NEAS<\/p>\t\t\t\t\t\t\t\t<\/div>\n\t\t\t\t<\/div>\n\t\t<div class=\"elementor-element elementor-element-3fbfef7c e-con-full e-flex e-con e-child\" data-id=\"3fbfef7c\" data-element_type=\"container\" data-settings=\"{&quot;background_background&quot;:&quot;classic&quot;}\">\n\t\t\t\t<div class=\"elementor-element elementor-element-6a2c68e5 elementor-widget elementor-widget-text-editor\" data-id=\"6a2c68e5\" data-element_type=\"widget\" data-widget_type=\"text-editor.default\">\n\t\t\t\t\t\t\t\t\t<p>EST\u00c9TICA<\/p>\t\t\t\t\t\t\t\t<\/div>\n\t\t\t\t<\/div>\n\t\t\t\t<\/div>\n\t\t\t\t\t<\/div>\n\t\t\t\t<\/div>\n\t\t<div class=\"elementor-element elementor-element-6b3a4bb7 e-flex e-con-boxed e-con e-parent\" data-id=\"6b3a4bb7\" data-element_type=\"container\" data-settings=\"{&quot;background_background&quot;:&quot;classic&quot;}\">\n\t\t\t\t\t<div class=\"e-con-inner\">\n\t\t\t\t<div class=\"elementor-element elementor-element-663641f0 elementor-invisible elementor-widget elementor-widget-text-editor\" data-id=\"663641f0\" data-element_type=\"widget\" data-settings=\"{&quot;_animation&quot;:&quot;fadeInLeft&quot;}\" data-widget_type=\"text-editor.default\">\n\t\t\t\t\t\t\t\t\t<p>CARA | CUELLO | ESCOTE<\/p>\t\t\t\t\t\t\t\t<\/div>\n\t\t\t\t\t<\/div>\n\t\t\t\t<\/div>\n\t\t<div class=\"elementor-element elementor-element-6cc5e49f e-flex e-con-boxed e-con e-parent\" data-id=\"6cc5e49f\" data-element_type=\"container\">\n\t\t\t\t\t<div class=\"e-con-inner\">\n\t\t<div class=\"elementor-element elementor-element-4395b9e4 e-con-full e-flex e-con e-child\" data-id=\"4395b9e4\" data-element_type=\"container\" data-settings=\"{&quot;background_background&quot;:&quot;classic&quot;}\">\n\t\t\t\t<div class=\"elementor-element elementor-element-61794c78 elementor-widget elementor-widget-text-editor\" data-id=\"61794c78\" data-element_type=\"widget\" data-widget_type=\"text-editor.default\">\n\t\t\t\t\t\t\t\t\t<p>Eliminaci\u00f3n segura de lesiones benignas<\/p>\t\t\t\t\t\t\t\t<\/div>\n\t\t\t\t<div class=\"elementor-element elementor-element-3dacab53 elementor-widget elementor-widget-text-editor\" data-id=\"3dacab53\" data-element_type=\"widget\" data-widget_type=\"text-editor.default\">\n\t\t\t\t\t\t\t\t\t<p>Mejora la textura y uniformidad de la piel<\/p>\t\t\t\t\t\t\t\t<\/div>\n\t\t\t\t<div class=\"elementor-element elementor-element-68505ab elementor-widget elementor-widget-text-editor\" data-id=\"68505ab\" data-element_type=\"widget\" data-widget_type=\"text-editor.default\">\n\t\t\t\t\t\t\t\t\t<p>Procedimiento r\u00e1pido y m\u00ednimamente invasivo con Plasma IQ<\/p>\t\t\t\t\t\t\t\t<\/div>\n\t\t\t\t<div class=\"elementor-element elementor-element-1a9a367e elementor-widget elementor-widget-text-editor\" data-id=\"1a9a367e\" data-element_type=\"widget\" data-widget_type=\"text-editor.default\">\n\t\t\t\t\t\t\t\t\t<p>Resultados visibles y naturales<\/p>\t\t\t\t\t\t\t\t<\/div>\n\t\t\t\t<\/div>\n\t\t<div class=\"elementor-element elementor-element-7398448d e-con-full e-flex e-con e-child\" data-id=\"7398448d\" data-element_type=\"container\" data-settings=\"{&quot;background_background&quot;:&quot;classic&quot;}\">\n\t\t\t\t<div class=\"elementor-element elementor-element-4ec7954f elementor-widget elementor-widget-text-editor\" data-id=\"4ec7954f\" data-element_type=\"widget\" data-widget_type=\"text-editor.default\">\n\t\t\t\t\t\t\t\t\t<p>\u00bfQu\u00e9 es?<\/p>\t\t\t\t\t\t\t\t<\/div>\n\t\t\t\t<div class=\"elementor-element elementor-element-566486ef elementor-widget elementor-widget-text-editor\" data-id=\"566486ef\" data-element_type=\"widget\" data-widget_type=\"text-editor.default\">\n\t\t\t\t\t\t\t\t\t<p class=\"p1\">Es un tratamiento m\u00e9dico para eliminar lesiones cut\u00e1neas benignas como lunares intrad\u00e9rmicos, verrugas, fibromas, queratosis o angiomas.<\/p><p class=\"p1\">Permite recuperar una piel m\u00e1s uniforme, cuidada y est\u00e9tica, siempre con diagn\u00f3stico m\u00e9dico previo.<\/p>\t\t\t\t\t\t\t\t<\/div>\n\t\t\t\t<\/div>\n\t\t<div class=\"elementor-element elementor-element-2190498b e-con-full e-flex e-con e-child\" data-id=\"2190498b\" data-element_type=\"container\" data-settings=\"{&quot;background_background&quot;:&quot;classic&quot;}\">\n\t\t\t\t<div class=\"elementor-element elementor-element-31612e48 elementor-widget elementor-widget-text-editor\" data-id=\"31612e48\" data-element_type=\"widget\" data-widget_type=\"text-editor.default\">\n\t\t\t\t\t\t\t\t\t<p>\u00bfEn que consiste?<\/p>\t\t\t\t\t\t\t\t<\/div>\n\t\t\t\t<div class=\"elementor-element elementor-element-38ef0b51 elementor-widget elementor-widget-text-editor\" data-id=\"38ef0b51\" data-element_type=\"widget\" data-widget_type=\"text-editor.default\">\n\t\t\t\t\t\t\t\t\t<p class=\"p1\">Tras una valoraci\u00f3n m\u00e9dica para confirmar que la lesi\u00f3n es benigna, se elimina mediante t\u00e9cnicas m\u00e9dico-est\u00e9ticas como <span class=\"s1\">l\u00e1ser<\/span>, P<span class=\"s1\">lasma IQ<\/span>, <span class=\"s1\">crioterapia<\/span> o <span class=\"s1\">electrocirug\u00eda<\/span>, seg\u00fan el tipo de lesi\u00f3n y la zona.<\/p><p class=\"p1\">En <span class=\"s1\">Centro M\u00e9dico Est\u00e9tico Lezkairu<\/span> priorizamos la seguridad, la precisi\u00f3n y el resultado est\u00e9tico, seleccionando el m\u00e9todo m\u00e1s adecuado para minimizar marcas y favorecer una correcta regeneraci\u00f3n de la piel.<\/p><p class=\"p1\">El procedimiento es r\u00e1pido, con molestia m\u00ednima y una recuperaci\u00f3n sencilla, donde se recomienda protecci\u00f3n solar y cuidados espec\u00edficos para optimizar la cicatrizaci\u00f3n.<\/p><p class=\"p1\">El resultado es una piel m\u00e1s uniforme, limpia y cuidada.<\/p>\t\t\t\t\t\t\t\t<\/div>\n\t\t\t\t<div class=\"elementor-element elementor-element-386fcea8 elementor-align-center elementor-widget elementor-widget-button\" data-id=\"386fcea8\" data-element_type=\"widget\" data-widget_type=\"button.default\">\n\t\t\t\t\t\t\t\t\t\t<a class=\"elementor-button elementor-button-link elementor-size-sm\" href=\"https:\/\/intelligent-bhaskara.93-93-114-159.plesk.page\/index.php\/contacto-centro-estetico-lezkairu\/\">\n\t\t\t\t\t\t<span class=\"elementor-button-content-wrapper\">\n\t\t\t\t\t\t\t\t\t<span class=\"elementor-button-text\">Solicita tu sesi\u00f3n<\/span>\n\t\t\t\t\t<\/span>\n\t\t\t\t\t<\/a>\n\t\t\t\t\t\t\t\t<\/div>\n\t\t\t\t<\/div>\n\t\t<div class=\"elementor-element elementor-element-6b226d05 e-con-full e-flex e-con e-child\" data-id=\"6b226d05\" data-element_type=\"container\" data-settings=\"{&quot;background_background&quot;:&quot;classic&quot;}\">\n\t\t\t\t<div class=\"elementor-element elementor-element-4f698989 elementor-widget elementor-widget-image\" data-id=\"4f698989\" data-element_type=\"widget\" data-widget_type=\"image.default\">\n\t\t\t\t\t\t\t\t\t\t\t\t\t\t\t<img fetchpriority=\"high\" decoding=\"async\" width=\"500\" height=\"500\" src=\"https:\/\/intelligent-bhaskara.93-93-114-159.plesk.page\/wp-content\/uploads\/2025\/10\/Eliminacion-de-lesiones-cutaneas-benignas.jpg\" class=\"attachment-full size-full wp-image-393\" alt=\"\" srcset=\"https:\/\/intelligent-bhaskara.93-93-114-159.plesk.page\/wp-content\/uploads\/2025\/10\/Eliminacion-de-lesiones-cutaneas-benignas.jpg 500w, https:\/\/intelligent-bhaskara.93-93-114-159.plesk.page\/wp-content\/uploads\/2025\/10\/Eliminacion-de-lesiones-cutaneas-benignas-300x300.jpg 300w, https:\/\/intelligent-bhaskara.93-93-114-159.plesk.page\/wp-content\/uploads\/2025\/10\/Eliminacion-de-lesiones-cutaneas-benignas-150x150.jpg 150w\" sizes=\"(max-width: 500px) 100vw, 500px\" \/>\t\t\t\t\t\t\t\t\t\t\t\t\t\t\t<\/div>\n\t\t\t\t<\/div>\n\t\t\t\t\t<\/div>\n\t\t\t\t<\/div>\n\t\t\t\t<\/div>\n\t\t","protected":false},"excerpt":{"rendered":"<p>ELIMINACI\u00d3N DE LESIONES CUT\u00c1NEAS EST\u00c9TICA CARA | CUELLO | ESCOTE Eliminaci\u00f3n segura de lesiones benignas Mejora la textura y uniformidad de la piel Procedimiento r\u00e1pido y m\u00ednimamente invasivo con Plasma IQ Resultados visibles y naturales \u00bfQu\u00e9 es? Es un tratamiento m\u00e9dico para eliminar lesiones cut\u00e1neas benignas como lunares intrad\u00e9rmicos, verrugas, fibromas, queratosis o angiomas. Permite [&hellip;]<\/p>\n","protected":false},"author":3,"featured_media":0,"parent":0,"menu_order":0,"comment_status":"closed","ping_status":"closed","template":"elementor_header_footer","meta":{"_joinchat":[],"footnotes":""},"class_list":["post-851","page","type-page","status-publish","hentry"],"yoast_head":"<!-- This site is optimized with the Yoast SEO plugin v27.0 - https:\/\/yoast.com\/product\/yoast-seo-wordpress\/ -->\n<title>ELIMINACI\u00d3N DE LESIONES CUT\u00c1NEAS - Centro Est\u00e9tico Lezkairu<\/title>\n<meta name=\"description\" content=\"Eliminaci\u00f3n de lesiones cut\u00e1neas en Pamplona. Tratamiento m\u00e9dico seguro para quitar lunares, verrugas y fibromas con l\u00e1ser y Plasma IQ.\" \/>\n<meta name=\"robots\" content=\"index, follow, max-snippet:-1, max-image-preview:large, max-video-preview:-1\" \/>\n<link rel=\"canonical\" href=\"https:\/\/intelligent-bhaskara.93-93-114-159.plesk.page\/index.php\/eliminacion-de-lesiones-cutaneas\/\" \/>\n<meta property=\"og:locale\" content=\"es_ES\" \/>\n<meta property=\"og:type\" content=\"article\" \/>\n<meta property=\"og:title\" content=\"ELIMINACI\u00d3N DE LESIONES CUT\u00c1NEAS - Centro Est\u00e9tico Lezkairu\" \/>\n<meta property=\"og:description\" content=\"Eliminaci\u00f3n de lesiones cut\u00e1neas en Pamplona. Tratamiento m\u00e9dico seguro para quitar lunares, verrugas y fibromas con l\u00e1ser y Plasma IQ.\" \/>\n<meta property=\"og:url\" content=\"https:\/\/intelligent-bhaskara.93-93-114-159.plesk.page\/index.php\/eliminacion-de-lesiones-cutaneas\/\" \/>\n<meta property=\"og:site_name\" content=\"Centro Est\u00e9tico Lezkairu\" \/>\n<meta property=\"article:modified_time\" content=\"2026-02-20T09:01:55+00:00\" \/>\n<meta property=\"og:image\" content=\"https:\/\/intelligent-bhaskara.93-93-114-159.plesk.page\/wp-content\/uploads\/2025\/10\/Eliminacion-de-lesiones-cutaneas-benignas.jpg\" \/>\n<meta name=\"twitter:card\" content=\"summary_large_image\" \/>\n<meta name=\"twitter:label1\" content=\"Tiempo de lectura\" \/>\n\t<meta name=\"twitter:data1\" content=\"1 minuto\" \/>\n<script type=\"application\/ld+json\" class=\"yoast-schema-graph\">{\"@context\":\"https:\/\/schema.org\",\"@graph\":[{\"@type\":\"WebPage\",\"@id\":\"https:\/\/intelligent-bhaskara.93-93-114-159.plesk.page\/index.php\/eliminacion-de-lesiones-cutaneas\/\",\"url\":\"https:\/\/intelligent-bhaskara.93-93-114-159.plesk.page\/index.php\/eliminacion-de-lesiones-cutaneas\/\",\"name\":\"ELIMINACI\u00d3N DE LESIONES CUT\u00c1NEAS - Centro Est\u00e9tico Lezkairu\",\"isPartOf\":{\"@id\":\"https:\/\/intelligent-bhaskara.93-93-114-159.plesk.page\/#website\"},\"primaryImageOfPage\":{\"@id\":\"https:\/\/intelligent-bhaskara.93-93-114-159.plesk.page\/index.php\/eliminacion-de-lesiones-cutaneas\/#primaryimage\"},\"image\":{\"@id\":\"https:\/\/intelligent-bhaskara.93-93-114-159.plesk.page\/index.php\/eliminacion-de-lesiones-cutaneas\/#primaryimage\"},\"thumbnailUrl\":\"https:\/\/intelligent-bhaskara.93-93-114-159.plesk.page\/wp-content\/uploads\/2025\/10\/Eliminacion-de-lesiones-cutaneas-benignas.jpg\",\"datePublished\":\"2025-11-11T10:32:36+00:00\",\"dateModified\":\"2026-02-20T09:01:55+00:00\",\"description\":\"Eliminaci\u00f3n de lesiones cut\u00e1neas en Pamplona. Tratamiento m\u00e9dico seguro para quitar lunares, verrugas y fibromas con l\u00e1ser y Plasma IQ.\",\"breadcrumb\":{\"@id\":\"https:\/\/intelligent-bhaskara.93-93-114-159.plesk.page\/index.php\/eliminacion-de-lesiones-cutaneas\/#breadcrumb\"},\"inLanguage\":\"es\",\"potentialAction\":[{\"@type\":\"ReadAction\",\"target\":[\"https:\/\/intelligent-bhaskara.93-93-114-159.plesk.page\/index.php\/eliminacion-de-lesiones-cutaneas\/\"]}]},{\"@type\":\"ImageObject\",\"inLanguage\":\"es\",\"@id\":\"https:\/\/intelligent-bhaskara.93-93-114-159.plesk.page\/index.php\/eliminacion-de-lesiones-cutaneas\/#primaryimage\",\"url\":\"https:\/\/intelligent-bhaskara.93-93-114-159.plesk.page\/wp-content\/uploads\/2025\/10\/Eliminacion-de-lesiones-cutaneas-benignas.jpg\",\"contentUrl\":\"https:\/\/intelligent-bhaskara.93-93-114-159.plesk.page\/wp-content\/uploads\/2025\/10\/Eliminacion-de-lesiones-cutaneas-benignas.jpg\",\"width\":500,\"height\":500},{\"@type\":\"BreadcrumbList\",\"@id\":\"https:\/\/intelligent-bhaskara.93-93-114-159.plesk.page\/index.php\/eliminacion-de-lesiones-cutaneas\/#breadcrumb\",\"itemListElement\":[{\"@type\":\"ListItem\",\"position\":1,\"name\":\"Portada\",\"item\":\"https:\/\/intelligent-bhaskara.93-93-114-159.plesk.page\/\"},{\"@type\":\"ListItem\",\"position\":2,\"name\":\"ELIMINACI\u00d3N DE LESIONES CUT\u00c1NEAS\"}]},{\"@type\":\"WebSite\",\"@id\":\"https:\/\/intelligent-bhaskara.93-93-114-159.plesk.page\/#website\",\"url\":\"https:\/\/intelligent-bhaskara.93-93-114-159.plesk.page\/\",\"name\":\"Centro Est\u00e9tico Lezkairu\",\"description\":\"\",\"potentialAction\":[{\"@type\":\"SearchAction\",\"target\":{\"@type\":\"EntryPoint\",\"urlTemplate\":\"https:\/\/intelligent-bhaskara.93-93-114-159.plesk.page\/?s={search_term_string}\"},\"query-input\":{\"@type\":\"PropertyValueSpecification\",\"valueRequired\":true,\"valueName\":\"search_term_string\"}}],\"inLanguage\":\"es\"}]}<\/script>\n<!-- \/ Yoast SEO plugin. -->","yoast_head_json":{"title":"ELIMINACI\u00d3N DE LESIONES CUT\u00c1NEAS - Centro Est\u00e9tico Lezkairu","description":"Eliminaci\u00f3n de lesiones cut\u00e1neas en Pamplona. Tratamiento m\u00e9dico seguro para quitar lunares, verrugas y fibromas con l\u00e1ser y Plasma IQ.","robots":{"index":"index","follow":"follow","max-snippet":"max-snippet:-1","max-image-preview":"max-image-preview:large","max-video-preview":"max-video-preview:-1"},"canonical":"https:\/\/intelligent-bhaskara.93-93-114-159.plesk.page\/index.php\/eliminacion-de-lesiones-cutaneas\/","og_locale":"es_ES","og_type":"article","og_title":"ELIMINACI\u00d3N DE LESIONES CUT\u00c1NEAS - Centro Est\u00e9tico Lezkairu","og_description":"Eliminaci\u00f3n de lesiones cut\u00e1neas en Pamplona. Tratamiento m\u00e9dico seguro para quitar lunares, verrugas y fibromas con l\u00e1ser y Plasma IQ.","og_url":"https:\/\/intelligent-bhaskara.93-93-114-159.plesk.page\/index.php\/eliminacion-de-lesiones-cutaneas\/","og_site_name":"Centro Est\u00e9tico Lezkairu","article_modified_time":"2026-02-20T09:01:55+00:00","og_image":[{"url":"https:\/\/intelligent-bhaskara.93-93-114-159.plesk.page\/wp-content\/uploads\/2025\/10\/Eliminacion-de-lesiones-cutaneas-benignas.jpg","type":"","width":"","height":""}],"twitter_card":"summary_large_image","twitter_misc":{"Tiempo de lectura":"1 minuto"},"schema":{"@context":"https:\/\/schema.org","@graph":[{"@type":"WebPage","@id":"https:\/\/intelligent-bhaskara.93-93-114-159.plesk.page\/index.php\/eliminacion-de-lesiones-cutaneas\/","url":"https:\/\/intelligent-bhaskara.93-93-114-159.plesk.page\/index.php\/eliminacion-de-lesiones-cutaneas\/","name":"ELIMINACI\u00d3N DE LESIONES CUT\u00c1NEAS - Centro Est\u00e9tico Lezkairu","isPartOf":{"@id":"https:\/\/intelligent-bhaskara.93-93-114-159.plesk.page\/#website"},"primaryImageOfPage":{"@id":"https:\/\/intelligent-bhaskara.93-93-114-159.plesk.page\/index.php\/eliminacion-de-lesiones-cutaneas\/#primaryimage"},"image":{"@id":"https:\/\/intelligent-bhaskara.93-93-114-159.plesk.page\/index.php\/eliminacion-de-lesiones-cutaneas\/#primaryimage"},"thumbnailUrl":"https:\/\/intelligent-bhaskara.93-93-114-159.plesk.page\/wp-content\/uploads\/2025\/10\/Eliminacion-de-lesiones-cutaneas-benignas.jpg","datePublished":"2025-11-11T10:32:36+00:00","dateModified":"2026-02-20T09:01:55+00:00","description":"Eliminaci\u00f3n de lesiones cut\u00e1neas en Pamplona. Tratamiento m\u00e9dico seguro para quitar lunares, verrugas y fibromas con l\u00e1ser y Plasma IQ.","breadcrumb":{"@id":"https:\/\/intelligent-bhaskara.93-93-114-159.plesk.page\/index.php\/eliminacion-de-lesiones-cutaneas\/#breadcrumb"},"inLanguage":"es","potentialAction":[{"@type":"ReadAction","target":["https:\/\/intelligent-bhaskara.93-93-114-159.plesk.page\/index.php\/eliminacion-de-lesiones-cutaneas\/"]}]},{"@type":"ImageObject","inLanguage":"es","@id":"https:\/\/intelligent-bhaskara.93-93-114-159.plesk.page\/index.php\/eliminacion-de-lesiones-cutaneas\/#primaryimage","url":"https:\/\/intelligent-bhaskara.93-93-114-159.plesk.page\/wp-content\/uploads\/2025\/10\/Eliminacion-de-lesiones-cutaneas-benignas.jpg","contentUrl":"https:\/\/intelligent-bhaskara.93-93-114-159.plesk.page\/wp-content\/uploads\/2025\/10\/Eliminacion-de-lesiones-cutaneas-benignas.jpg","width":500,"height":500},{"@type":"BreadcrumbList","@id":"https:\/\/intelligent-bhaskara.93-93-114-159.plesk.page\/index.php\/eliminacion-de-lesiones-cutaneas\/#breadcrumb","itemListElement":[{"@type":"ListItem","position":1,"name":"Portada","item":"https:\/\/intelligent-bhaskara.93-93-114-159.plesk.page\/"},{"@type":"ListItem","position":2,"name":"ELIMINACI\u00d3N DE LESIONES CUT\u00c1NEAS"}]},{"@type":"WebSite","@id":"https:\/\/intelligent-bhaskara.93-93-114-159.plesk.page\/#website","url":"https:\/\/intelligent-bhaskara.93-93-114-159.plesk.page\/","name":"Centro Est\u00e9tico Lezkairu","description":"","potentialAction":[{"@type":"SearchAction","target":{"@type":"EntryPoint","urlTemplate":"https:\/\/intelligent-bhaskara.93-93-114-159.plesk.page\/?s={search_term_string}"},"query-input":{"@type":"PropertyValueSpecification","valueRequired":true,"valueName":"search_term_string"}}],"inLanguage":"es"}]}},"_links":{"self":[{"href":"https:\/\/intelligent-bhaskara.93-93-114-159.plesk.page\/index.php\/wp-json\/wp\/v2\/pages\/851","targetHints":{"allow":["GET"]}}],"collection":[{"href":"https:\/\/intelligent-bhaskara.93-93-114-159.plesk.page\/index.php\/wp-json\/wp\/v2\/pages"}],"about":[{"href":"https:\/\/intelligent-bhaskara.93-93-114-159.plesk.page\/index.php\/wp-json\/wp\/v2\/types\/page"}],"author":[{"embeddable":true,"href":"https:\/\/intelligent-bhaskara.93-93-114-159.plesk.page\/index.php\/wp-json\/wp\/v2\/users\/3"}],"replies":[{"embeddable":true,"href":"https:\/\/intelligent-bhaskara.93-93-114-159.plesk.page\/index.php\/wp-json\/wp\/v2\/comments?post=851"}],"version-history":[{"count":13,"href":"https:\/\/intelligent-bhaskara.93-93-114-159.plesk.page\/index.php\/wp-json\/wp\/v2\/pages\/851\/revisions"}],"predecessor-version":[{"id":1241,"href":"https:\/\/intelligent-bhaskara.93-93-114-159.plesk.page\/index.php\/wp-json\/wp\/v2\/pages\/851\/revisions\/1241"}],"wp:attachment":[{"href":"https:\/\/intelligent-bhaskara.93-93-114-159.plesk.page\/index.php\/wp-json\/wp\/v2\/media?parent=851"}],"curies":[{"name":"wp","href":"https:\/\/api.w.org\/{rel}","templated":true}]}}